0). Let q = 30 + o. What is the units digit of q?
7
Let b(h) = h**2 - 13*h + 6. What is the units digit of b(14)?
0
What is the units digit of ((-60)/9)/2*-9?
0
Suppose 8*s - 4*s = 296. Suppose -s = 4*m - 242. What is the tens digit of m?
4
Suppose d - 2*k = 127, -3*d + k + 345 = 4*k. What is the units digit of d?
9
Suppose 3*q = q - 58. Let i = q + 57. What is the tens digit of i?
2
Let y be 3/2*4/(-3). Let x(m) = -2*m. Let n be x(y). Let r = n + 0. What is the units digit of r?
4
Suppose 2*r - 44 = 2*f, -5*f - 92 - 9 = 4*r. Suppose -5*m = w + 140, 5*m + 3*w - 7*w = -165. Let d = f - m. What is the units digit of d?
8
Let b(r) = 3*r + 3. Let m(s) = 8*s + 8. Let w(h) = 11*b(h) - 4*m(h). What is the units digit of w(0)?
1
Suppose -4*h + 182 = -q + 54, -h = -2*q - 39. What is the units digit of h?
1
Let i(q) = -q**2 - 6*q + 2. Let n be i(-6). Suppose -n*x + 5*u = 4, 0 = -x + 2*u + 2*u - 5. Suppose -r - x = -8. What is the units digit of r?
5
Let y be 103/(-7) + 8/(-28). Let p be (4/6)/(1/33). Let x = p + y. What is the units digit of x?
7
Suppose -4*k + d + 589 = 0, 4*k + k - 2*d - 734 = 0. What is the tens digit of k?
4
Suppose 11 = -o + 4*m, 33 = 5*o + m + m. What is the units digit of o?
5
Let o(w) = w**3 + 7*w**2 + 5*w + 3. Let m be o(-6). What is the units digit of m/(-2 - (1 - 4))?
9
Let c be (2 - -19)/(1/2). Suppose -l = l - c. What is the units digit of l?
1
Let s(u) = -4*u**2 + 10*u - 3. Let c(d) = -5*d**2 + 11*d - 3. Let a(q) = 2*c(q) - 3*s(q). What is the units digit of a(6)?
7
Let x(l) = -l**2 - l + 1. What is the units digit of x(0)?
1
Suppose 0 = -3*i - 0 + 9. What is the units digit of i?
3
Let t(h) = -4*h + 4. Let u = 3 + -6. What is the units digit of t(u)?
6
Suppose 6*w = 2*w + 8. Let n = 12 + w. What is the tens digit of n?
1
Let w be 9/6*8/3. Suppose 4 = w*t - 3*t, 5*y - 4*t = -251. Let q = 69 + y. What is the units digit of q?
2
Suppose d + 5*z = 42, 2*z - 22 = 2*d - 130. What is the units digit of d?
2
Suppose v - 2*a + 3 - 1 = 0, -4*a + 16 = 0. Suppose 2*j - v = j. What is the units digit of j?
6
Suppose 0 = -j + 11 + 1. Let b be (-10)/(-4)*j/10. Let d = 4 - b. What is the units digit of d?
1
Suppose -5*o - 2*i = -66, -2*o + 5*i - 4*i = -21. Suppose -2*u + 0*u + o = 0. What is the units digit of u?
6
Let k(f) = -10 + 4*f - 5*f + f**3 + 5*f + 8*f**2. Suppose -2*j + 5*n = 24, -j + 2*j = -3*n - 1. What is the tens digit of k(j)?
1
Let f = -39 + 114. Suppose 6*x = x + f. What is the units digit of x?
5
Let f = -2 - -6. Let z = 6 - f. Suppose 14 = 3*l - 2*p - 1, -z*l + 10 = -4*p. What is the units digit of l?
5
Let c = -10 + 4. Let h be (3/c*-8)/2. Suppose -3*d + 11 = -h*d. What is the units digit of d?
1
Let b(x) = 26*x**3 + 2*x**2 - x. Let o be b(1). What is the units digit of 2/((-3)/o*-2)?
9
Let k = -6 + 14. Let t = k - 6. Suppose j + 11 = 4*j + t*m, -5*j + 18 = 3*m. What is the units digit of j?
3
Let m(o) = o**3 - 2*o**2 + o + 177. What is the tens digit of m(0)?
7
Suppose -6 = -2*g - k, 3*k = -10 - 2. Let x(c) = c**2 - 6. What is the tens digit of x(g)?
1
Let b(q) = 5*q - 6. Let w be b(4). Let z = w + -4. What is the units digit of z?
0
Let x(r) = -4*r**2 + r - 6. Let s(l) = -2 + 3 - 3*l**2 - 5 - 1. Let t(c) = -3*s(c) + 2*x(c). What is the units digit of t(-2)?
3
What is the units digit of ((-9)/18)/(1/(-2))?
1
Suppose p - 5*c - 38 = -0*c, 174 = 3*p - 3*c. What is the tens digit of p?
6
Let f(n) = n**3 - 7*n**2 - 8*n - 3. Let v be f(8). Let l = 6 + v. What is the units digit of l?
3
Let i = 3 + 0. Suppose 18 = x - i*x. Let f = x - -17. What is the units digit of f?
8
Suppose 2*g = x + 25, 2*x + g + 48 = 6*g. Let z = x + 48. What is the units digit of z?
9
Let y(b) = 2*b**2 - 2*b - 1. Suppose 3*n - r - 10 = 0, -3*n - r + 0*r = -2. Suppose 5*f - n*f + 6 = 0. What is the units digit of y(f)?
1
Let c = 67 + 9. What is the tens digit of c?
7
Suppose 4*y = 9*y - 875. What is the tens digit of y?
7
Suppose -4*v - 22 = o - 4*o, -4*o - 8 = 4*v. Suppose -78 = o*h - 7*h + r, 3*r = 6. What is the units digit of h?
6
Let h(s) = s**2 - s - 5. What is the units digit of h(-3)?
7
What is the units digit of (-1)/(-1)*1256/8?
7
Let h be 0 + -1 + (-190)/(-5). Suppose -2*q + 5 + h = 0. What is the tens digit of q?
2
Let d = -7 - -17. What is the tens digit of d?
1
Suppose 0 = -5*q + 5*x - 110, x + 44 = -2*q - 3*x. Let g = q - -34. What is the tens digit of g?
1
Suppose -2 = -3*k - 20. Let m(a) be the third derivative of a**5/60 + a**4/6 - a**3/3 + a**2. What is the units digit of m(k)?
0
Let b(k) = -5*k - 24. Let y be 2/(-4) - 133/14. What is the units digit of b(y)?
6
Suppose 0 = 4*l - 131 + 35. What is the tens digit of l?
2
Let z(u) = u + 1. Let s be z(0). Suppose 2*i - 4*w = 0, 4*w = 5*i + w. Let c = s - i. What is the units digit of c?
1
Let h(z) = z**3 - 2. Let m be h(0). Let r be 1 - (m + 0/3). Suppose 0 = 3*y - 2*c - 63, r*y - 55 = -5*c - 13. What is the units digit of y?
9
Suppose 6 = -3*i + 6*i. Suppose -5*u + 27 = -2*d, i*d = -0*u + u - 7. Suppose -u = -3*l - 20, -40 = -5*t + 2*l. What is the units digit of t?
6
Let n = 2 + -8. Let j = n - 6. Let d = j + 24. What is the tens digit of d?
1
Suppose u + 1 = 2. Let x be (1 + (u - 3))*-2. Suppose -5*c = 7*n - x*n, -3*c = 2*n + 5. What is the units digit of n?
5
Let a(d) = d**3 + 2*d**2 + 2*d + 3. Let j be a(-2). Let b be 2/(1 - j/(-3)). Let s(n) = 4*n - 4. What is the units digit of s(b)?
8
Let o be 1 + (16 - (0 + 1)). Suppose 0 = -5*m - 2*p - 44, m - 2*p - 1 = -5. Let u = m + o. What is the units digit of u?
8
Let t be 2/2 - 8/(-1). Let r = t + 4. What is the tens digit of r?
1
Let k be ((-8)/(-6))/(7/21). Suppose -2*c + 0 = k. Let h = c + 5. What is the units digit of h?
3
Let g = 3 - 1. Let u(n) = n**3 - 4*n**2 + 2*n - 5. Let a be u(4). What is the units digit of (g/a)/((-4)/(-42))?
7
Suppose -5*o + 12 + 6 = -3*k, -5*o + 11 = 4*k. Suppose 2*c - 3*h + 28 - 69 = 0, -2*c - o*h + 23 = 0. What is the units digit of c?
6
Let j be 1/(-4) - (-125)/4. Let s = j - 19. What is the tens digit of s?
1
Suppose 0 = -5*s + 550 - 190. What is the tens digit of s?
7
Let d(h) = -h**3 - 5*h**2 - 4*h - 7. Let w be d(-5). Suppose 23 - w = 2*v. What is the units digit of v?
5
Let f = -8 - -7. What is the units digit of 17 - -1*(f - -2)?
8
Let w be 4 - 0/(2 - 1). Suppose -2*r - 3*r - 2 = -3*l, -4*l - r = 5. What is the units digit of ((-2)/l - 0)*w?
8
What is the hundreds digit of (26/(-4))/((-198)/(-40) + -5)?
1
What is the units digit of 34*-2*396/(-72)?
4
Let p be (-35)/(-21)*3*-1. What is the tens digit of -15*(p/3 - -1)?
1
Let n(f) = 45*f - 2. What is the units digit of n(1)?
3
Suppose 0 = -2*w - 0 + 4. Let j(k) = -4*k**3 + 4*k**w + 5*k**3 + 11 + 6*k**2. What is the units digit of j(-10)?
1
Suppose 0 = -2*i + 2 + 4. Let u be 2 - 9/i - -6. Suppose 12 = 5*x + b, u*b + 11 - 27 = -3*x. What is the units digit of x?
2
Let o be -1 - (-2 + -1)*1. Let h be (-3)/(-6)*4 - o. Let i(a) = -a**3 - a**2 + 9. What is the units digit of i(h)?
9
Suppose -4*t - 5*p + 16 = -208, t + 2*p - 53 = 0. Let u = t + -20. What is the units digit of u?
1
Let g(i) = i + 38. What is the units digit of g(-12)?
6
Let w(j) = j**2 - 5*j. Let a be w(5). Suppose 37 = 3*o + o + 5*t, -2*o + 4*t + 38 = a. What is the units digit of o?
3
Let u be (-1)/(-3) - 7/3. Suppose i + 2*n = 2*i + 1, 20 = 4*i + 4*n. What is the units digit of (i/5)/(u/(-10))?
3
What is the units digit of (-38)/(-14) + (-20)/(-70)?
3
Suppose -31 = -5*r + k, 5*r = 2*r + 3*k + 9. What is the units digit of r?
7
Let b(w) = w**3 + 2*w**2 - 2*w - 1. Let f be b(-2). Suppose -3 = f*y + 6. What is the units digit of 7 + -2*y/(-6)?
6
Suppose 0 = 23*j - 27*j + 800. What is the units digit of j?
0
Let d(x) be the third derivative of x**4/24 - 8*x**3/3 - 4*x**2. Let g be d(0). Let q = g - -30. What is the tens digit of q?
1
Let c be (1*8/2)/2. Suppose -2*u - c*u = 12. Let p = u + 8. What is the units digit of p?
5
Suppose -5*o + 369 = -s, 0 = 2*s + s - 3. What is the units digit of o?
4
Let g be 3 + 3 + (-3 - -1). Suppose -2 + 22 = 2*p + g*t, 3*p - 30 = -t. What is the units digit of p?
0
Let x be 4 - (0 - 2/(-1)). Suppose -88 = -2*k - 4*w, 88 = x*k - 0*k + 3*w. What is the units digit of k?
4
Let t(a) = -a**3 + 6*a**2 - 3*a + 2. Let s be t(6). Let v = s - -38. What is the uni